 d(x) be the second derivative of g(x). Is d(8) a prime number?
False
Let p be 5 - (11 + -7 - 2). Suppose -p*i = -i - a - 4868, 0 = -3*i + 2*a + 7301. Is i a composite number?
True
Let q = 49558 + 16299. Is q prime?
False
Suppose 4*v - 1465726 = 3*d, -704*v + 3*d = -699*v - 1832159. Is v a prime number?
True
Suppose -32 = -2*o - o + 5*k, 2*k = 3*o - 38. Let r(d) = -d**2 + 19*d + 9. Is r(o) prime?
True
Let u = 468 - 463. Suppose 9*m - 388 = u*m. Is m prime?
True
Let f(b) = 34998*b + 7141. Is f(10) composite?
True
Let d(c) = c**2 - 2*c - 164. Let k be d(-12). Suppose 19208 = 5*b + u, 5*b - 7694 = 3*b - k*u. Is b composite?
True
Let h(w) = -w**3 + 10*w**2 - 20. Let q = -30 + 46. Suppose -j + p - 4 = 6, -5*p = j + q. Is h(j) prime?
True
Is 7/28 - (10801377/(-15))/((-32)/(-40)) composite?
True
Let m(c) = 3*c**2 + 38*c - 6. Let z be m(-13). Let l(x) = 35*x + 6. Is l(z) a composite number?
False
Let k(d) = d**3 - 37*d**2 + 127*d - 3528. Is k(61) a prime number?
True
Let p(u) = -2457*u - 2206. Is p(-55) a prime number?
True
Let d(y) = -47*y - 2. Let b be d(-1). Let m(j) = -21*j + 57*j - 16 + 105*j + b. Is m(4) prime?
True
Suppose 782873 - 3068957 = -12*u. Is u prime?
True
Let v(q) = -11*q**3 - 11*q**2 - 32*q + 17. Is v(-8) a prime number?
False
Let i(y) = 5943*y**2 - 3*y + 149. Is i(-7) composite?
False
Suppose -2*o - 8*o + 178870 = 0. Is o composite?
True
Suppose 19176 = 10*q + 7*q. Is (-1)/(-5) - (q/(-20))/3 composite?
False
Suppose -9*d + 227 = -43. Suppose -89861 = -d*f + 7*f. Is f composite?
False
Suppose -3*j + 1 + 5 = 0. Let t(y) = 0*y + 5*y**2 - 2*y - 32 - 2*y**j + 2*y**2. Is t(-13) a composite number?
False
Let v(l) = l**2 + 4*l - 1. Let t be v(-5). Suppose -a - 4921 = -3*s, -3*s - a = -t*a - 4929. Suppose 16*z = 5*z + s. Is z a prime number?
True
Let d(g) = 10*g - 167. Let r be d(17). Is ((-70210)/8 - -2)/(r/(-4)) prime?
True
Suppose 18*r - 139 = 19*r. Let g = 2990 + r. Is g a prime number?
True
Let j(q) = 152*q**2 + 13*q - 4. Let t be j(-4). Suppose 7*i = i - t. Let a = 89 - i. Is a a prime number?
False
Suppose -14*y = -4*y. Suppose 12*b - 3*b - 36999 = y. Is b a prime number?
True
Is -9 + (56381 - 104/8) a prime number?
True
Let t(n) = -n**3 + 90*n**2 - 2*n - 146. Is t(21) composite?
False
Let a = -479 - -484. Let k(w) = -w + 2. Let i be k(-2). Suppose a*n = i*m + 2439, -5*n + 819 = -5*m - 1621. Is n composite?
False
Suppose 371*m - 178*m - 28641007 = 0. Is m composite?
False
Let b(i) = 15*i**2 - 21*i + 83. Is b(19) a composite number?
False
Let s = 57 + -53. Suppose 12 = s*v - v. Suppose 3*h = -v*q + 313, 0 = 2*h - 4*q - 77 - 125. Is h prime?
True
Let r(s) = 4*s**3 + 13*s**2 + 7*s + 5. Let h(i) = 3*i**3 + 13*i**2 + 6*i + 4. Let u(b) = 5*h(b) - 4*r(b). Let f be u(12). Let l = f - -319. Is l prime?
True
Let o(z) = 2*z - 11. Let q be o(8). Suppose -q = -49*d + 48*d. Suppose -890 = -5*c + d*a, 3*c - 378 = 2*a + 155. Is c composite?
True
Suppose 0 = 4*a - r - 14, 0 = -2*a + 6*r - 3*r + 2. Suppose -a*v = v - 70595. Is v a composite number?
True
Let v(b) = -b**3 - 7*b**2 - b - 4. Let y be (-6)/4*154/33. Let l be v(y). Suppose t + 283 = l*t + 5*o, -733 = -5*t - 4*o. Is t a composite number?
False
Suppose 0 = 40*x - 35*x + 665. Is (-732488)/x + 3/(-7) + 0 a prime number?
True
Let n(q) = 9*q**3 + 3*q**2 - 4*q + 13. Let a be 30/(3 + -6)*5/(-2). Let z be a/5*(2 + -1). Is n(z) a composite number?
False
Let k(v) = -v**3 - 19*v**2 + 19*v + 408. Is k(-49) a composite number?
True
Let n(g) = 436*g**2 + 11*g + 1528. Is n(-30) a composite number?
True
Let f(s) be the second derivative of 25*s**4/3 + 14*s**3/3 - 69*s**2/2 - 43*s - 1. Is f(-14) composite?
False
Let f(p) = -5*p**2 - 7*p + 10. Suppose -5*a + 3*i - i = 34, -2*a - 16 = -2*i. Let n be f(a). Is (-133024)/n + (-2)/8 composite?
False
Let a(w) = 40246*w + 1449. Is a(2) composite?
True
Let s(b) = -2*b**2 - 28*b + 146. Let f be s(-18). Suppose 3*i + f*i = 7495. Is i composite?
False
Let x be (2 + -4)/((-4)/19814). Is 5 + x + -6 + 7 a prime number?
False
Let g be 1 - (-20)/(-6 - -11). Let b(d) = 3*d**3 + 2*d**2 + 6*d - 6. Is b(g) a composite number?
False
Suppose -m - 433*w + 432*w = -6807, -4*m + w = -27198. Is m composite?
True
Suppose -445523 = -80*g - 6925 + 139722. Is g a prime number?
True
Let x = 5428 + -1786. Is x - ((-36)/32 - (-6)/48) a composite number?
False
Let r be 50503 - (-3 + (7 - 7)). Suppose 36*s + 8422 = r. Is s composite?
True
Suppose -877*n - 30159 = -904*n. Is n a composite number?
False
Suppose 262*n - 64977 = 257*n - 2*x, -7*n = 3*x - 90967. Is n prime?
False
Let x = -493 + 498. Suppose x*d - 4*d = 557. Is d a composite number?
False
Suppose 15 = 3*b, 4*b - 5167 = 67*n - 68*n. Is n composite?
False
Let f be (14/(-21))/(20/(-6))*15. Suppose 0 = f*z + 5*i - 1363, i - 401 - 52 = -z. Is z a prime number?
False
Let t = 1012 + -1008. Is 23358/4 + (-6 - -4)/t composite?
False
Suppose -2*z + l + 64798 = 0, -l + 244443 = 5*z + 82462. Is z a composite number?
True
Let j(r) be the third derivative of 115/6*r**3 + 0*r - 1/24*r**4 - 1/30*r**5 - 9*r**2 + 0. Is j(0) prime?
False
Let p be 7 + -7 - 15/(-1). Suppose 156*y - 155*y = p. Let b(r) = r**2 - 4*r - 16. Is b(y) composite?
False
Let c = 5734290 - 3973373. Is c a prime number?
True
Suppose -13*o = -5*b - 12*o + 12, -3*b = -o - 6. Suppose -7*p + 4*p - 5435 = -4*k, 0 = -k - b*p + 1370. Is k prime?
True
Suppose -3*l - 14*h = -19*h - 223, 0 = -2*l + 2*h + 150. Suppose -51*i = -l*i + 385525. Is i a composite number?
True
Suppose s = 1 - 0. Let f(j) = 3*j - 1. Let o be f(s). Suppose 2*r - 2*p = 754, -r + 393 = p + o*p. Is r a prime number?
False
Let k(f) = -f**3 - 9*f**2 + 71. Let l be k(-7). Let w(q) = q**2. Let o be w(-2). Let m = o - l. Is m prime?
True
Let z be -5*3/((-12)/(-8)). Let w be 5 + 8/z*-5. Is -1 + 1 - (-8 + w) - -708 a composite number?
True
Let r = -222298 + 488721. Is r composite?
True
Is (-956694 - 1)*(134 - 135) prime?
False
Let p = 70 + -36. Let v(d) = -42 - p + 53 + 429*d. Is v(4) a composite number?
False
Suppose -3806 = 106*c - 107*c + q, 4*c = -q + 15264. Is c prime?
False
Let o(x) be the second derivative of x**5/10 + 19*x**4/4 - 16*x**3/3 + 18*x**2 - 55*x. Is o(-29) a prime number?
False
Suppose g + 2*q - 236491 - 278778 = 0, 0 = 4*g + 3*q - 2061101. Is g a prime number?
True
Suppose -4*g = -l - 147233, 36806 = -8*g + 9*g - l. Suppose 20*j - 1051 - g = 0. Is j prime?
False
Is (-57748 - 3)*2*(-4)/8 a composite number?
False
Suppose 2*q + 13 = 3*r, 2*r - 9 = 3*q + 8. Let v(j) = 8*j**2 - 4*j - 9. Let b be v(q). Let k = b - 80. Is k a prime number?
True
Let m = 302569 - 144984. Is m composite?
True
Suppose 3*b - 9 = 5*b - 3*z, -5*b = 2*z - 6. Suppose -41*d + 51*d = b. Suppose -2*h + 119 = -w, 4*h + 9*w - 13*w - 228 = d. Is h a prime number?
False
Let k = -107485 - -304567. Suppose 0 = 43*i + 8699 - k. Is i composite?
True
Let d(n) = 2*n - 2573. Let r(a) = -3*a + 5147. Let z(u) = -5*d(u) - 2*r(u). Let b be z(0). Suppose -b + 207 = -4*m - 4*f, -4*m = -f - 2344. Is m prime?
True
Suppose -24646113 + 6391283 = -110*n. Is n prime?
False
Suppose 0 = 5*x + 3*u - 7493 - 3413, -x + 2177 = 2*u. Let a(k) = -k**2 - 6*k + 16. Let y be a(-8). Suppose 7*j - x - 3032 = y. Is j a composite number?
True
Is 29473/(-3)*(2 - (18 + -17 - -4)) composite?
False
Let t = 134 + -244. Let u be 11/(t/(-48)) + 2/10. Suppose -4*h = h + u, 4*s + 3*h = 11753. Is s composite?
False
Let k(h) = 111*h**2 - 2591*h + 111. Is k(-55) prime?
True
Let x(b) = -2*b**2 + 25*b - 25. Let r be x(10). Let f = -12 + r. Suppose -10*t = -f*t + 255. Is t a composite number?
True
Suppose 4*z - 12 = -2*z. Let h(x) = -2 + 2*x + 2*x + 378*x**2 - 89*x**2 + 236*x**z. Is h(1) prime?
False
Let a(h) = -14*h**2 - 4*h - 17. Let s(p) = -p**3 - 12*p**2 - 5*p - 28. Let r(l) = -3*a(l) + 2*s(l). Let d = -13 + 21. Is r(d) a composite number?
False
Let r be (-2)/(-7)*56/(56/7). Suppose 5*b - w - 900 = 3*b, -1351 = -3*b + r*w. Is b a composite number?
False
Let z(d) = -13858*d + 177. Is z(-4) prime?
True
Suppose -4*i + v + 89644 = 0, 79*i = 80*i - 2*v - 22411. Is i a composite number?
True
Let r(o) = -17*o + 27. Let t be r(0). Suppose -t*h + 2933 = -26*h. Is h a composite number?
True
Suppose 5*v + 4*f = -5, -6*v = -2*v + 2*f - 2. Suppose 5*q + 5*n - 4410 = 0, q + v*n = 4*q - 2616. Is q comp